Let c = 33 + z. What is the tens digit of c?
1
Let z = 52 - -30. What is the tens digit of z?
8
Suppose -257 = -2*s + 35. Suppose 25 = 2*z - z + 5*c, 0 = -4*z + 3*c + s. What is the units digit of z?
5
Let q(t) = -2*t**3 + 3*t**2 + t - 2. Let y be q(-2). Let u(l) = -l**2 - 6*l - 2. Let g be u(-6). What is the units digit of y/9 - g/(-3)?
2
Let m(i) = 28*i + 1. What is the tens digit of m(3)?
8
Let k(f) = -f**2 - 8*f. Let s be k(-4). Suppose -6*a = -14 - s. What is the units digit of a?
5
Let g be 30/(1 + 2/2). Let y = g + -1. What is the tens digit of y?
1
Suppose -h - 335 = -6*h. Let s = h + -35. Suppose -s = -r - 3*r. What is the units digit of r?
8
Suppose -25 = -2*w + 25. What is the units digit of w?
5
Suppose 3*b + 21 = 3*c, -3*c - 4*b = b - 21. Suppose 0 = 2*m - 10, m - c = -3*y - 2. Suppose w + 3*q - 8 = -0, y = 4*w - 2*q - 18. What is the units digit of w?
5
Suppose 8*c - 66 = 6*c. What is the units digit of c?
3
Let f = 49 - 18. What is the tens digit of f?
3
Let c(h) be the first derivative of 2*h**2 - 5*h + 4*h + 6*h**2 - 1. What is the tens digit of c(1)?
1
Let u(h) be the first derivative of h**3/3 - h**2/2 - h - 2. Let j = -2 + 4. What is the units digit of u(j)?
1
Let k(u) = -u**2 + 7*u - 6. Let n(c) = -c**2 - 6*c + 5. Let t(r) = -r**3 + 5*r**2 + 4*r + 6. Let p be t(6). Let v be n(p). What is the units digit of k(v)?
4
Let z be (-1)/(1 - (-18)/(-15)). Suppose -4*s - 11 - 16 = -z*d, -4*s - 6 = -2*d. What is the units digit of d?
7
Let s(h) = -h - 2. Let v be s(2). Let j = 8 + v. Suppose j*x + 0*x - 56 = 0. What is the units digit of x?
4
Let c(o) = o**3 + o**2 + 2*o + 1. Let s be c(-2). Let d = 12 + s. Suppose 5*y - r = 7, -d*y = -4*r - 2 - 11. What is the units digit of y?
1
Let b = 9 + 0. What is the units digit of b?
9
Let q(k) = -k**3 - 5*k**2 - 5*k - 1. What is the units digit of q(-5)?
4
Let p = 4 - 2. Suppose -3*k - 2*o + 5*o = -93, -5*k + 146 = -p*o. What is the tens digit of k?
2
Suppose -4*y = -19 + 7. Suppose -r + 0*k = k - 16, -48 = -y*r - 2*k. What is the units digit of r?
6
Let u = -5 - -7. Suppose n + 6 = 3*l + u, 0 = -3*l + 9. Suppose 3*y - 16 = n*r, 5*y = -4*r + r + 38. What is the units digit of y?
7
Let f be 4*((-2)/(-1) + -3). Let d = f + 8. Suppose d*g = -g + 20. What is the units digit of g?
4
Let h = -8 + -11. Let a = h + 59. What is the tens digit of a?
4
What is the units digit of 74/(((-3)/(-9))/(4/12))?
4
Suppose 98 = 3*m - 2*n, 0*n = -5*m + 5*n + 160. What is the units digit of m?
4
Let f = 6 + 9. What is the units digit of f?
5
Suppose 0 = 3*s + 2*s - 15. Let x = s - 6. Let b(u) = u**2 + 2*u + 2. What is the units digit of b(x)?
5
Suppose 0 = 3*m - 5*q - 101, 2*q + 112 = 4*m + q. What is the units digit of m?
7
Let f = 6 - -4. What is the units digit of f?
0
Let n be ((-7)/2)/(4/(-8)). Let u = n + 0. What is the units digit of u?
7
Suppose -5*h + 146 = -c, 3*h = -c - c + 98. What is the tens digit of h?
3
Let d(r) = r + 4. Suppose 0 = -3*g - 2*g + 4*p - 45, 2*g - 3*p + 25 = 0. Let c(m) = -m**2 - 5*m + 4. Let l be c(g). What is the units digit of d(l)?
8
Suppose -3*f - 2*c = -338, -2*c = -2*f + 38 + 194. What is the tens digit of f?
1
Suppose -4 = -s + q + 6, -2*s + 3*q = -16. Suppose 16 = 3*z - s. What is the units digit of z?
0
Suppose 0 = -4*w + 13*w - 2520. What is the hundreds digit of w?
2
What is the units digit of (-3172)/(-39) + (-1)/3?
1
Let z(s) = 7*s - 17. What is the units digit of z(7)?
2
Suppose -4*z - 27 = -7*z. What is the units digit of z?
9
Let p(r) = -r**3 - 6 + 4 - r**2 - r**2. Let l(o) = 4*o**3 + 2*o**2 + o. Let x be l(-1). What is the units digit of p(x)?
7
Let t(b) = b**2 + b - 2. Let z be (4 - 1)/((-1)/(-1)). What is the tens digit of t(z)?
1
Let i(p) = 5*p**3 + 7*p - 1 - 6*p**2 - 4 + 0*p**3 - 4*p**3. What is the units digit of i(5)?
5
Suppose 3*y = 6*w - w - 807, -3*w - 5*y = -457. What is the units digit of w?
9
Let a(d) = d**3 + 5*d**2 - 6*d - 2. What is the units digit of a(5)?
8
Suppose 14 + 31 = 5*w. What is the tens digit of 126/8 - w/(-36)?
1
Let u(j) = j**3 + 7*j**2 + 2*j + 2. What is the tens digit of u(-6)?
2
Suppose x + 1 = 0, 3*b + x + 1 = -0. Suppose 4*j + b = 36. What is the units digit of j?
9
Let h = -6 - -4. Let w = 6 - h. What is the units digit of w?
8
What is the units digit of (-2)/(-9) + (-644)/(-18)?
6
Let b(i) = -22*i + 7. What is the units digit of b(-12)?
1
Let k = -8 + 16. What is the units digit of (-4)/k - (-35)/2?
7
Suppose 0 = q + 3*p - 115, -4*q + q + p = -345. What is the units digit of q?
5
Let t = -32 + 50. Suppose -o = 2*o - t. What is the units digit of o?
6
Suppose -2*h + 10 = -16. Let c = h - 9. What is the units digit of c?
4
Let x(k) = -4*k + 1. Let h be x(-1). Suppose 3 + 2 = -h*m. Let t(s) = -15*s**3 - s**2. What is the tens digit of t(m)?
1
Suppose 4*r + 10 = 54. Let v(y) = 8*y + 6. Let s(d) = -3*d - 2. Let f(c) = r*s(c) + 4*v(c). What is the units digit of f(-4)?
6
Suppose 6*c - 44 = 22. What is the tens digit of c?
1
Let k be 1 + -1 + -1 + -7. Suppose -60 = -4*h + 2*c, 0 = -c - 0*c - 2. Let a = h + k. What is the units digit of a?
6
What is the units digit of (2/(-4))/(1/(-24))?
2
Let f = 7 - 2. Suppose 5*l + 75 = f*t, 5*t - 4*t = 2*l + 16. What is the units digit of t?
4
Suppose 2*l = -l + 15. Suppose 0 = -l*d + 2*d + 3, -5*x + 4*d = 9. What is the units digit of 2/(-6)*3*x?
1
Let m be (-1 - (3 - 2)) + 16. Let o be (-1)/3 + m/6. Suppose -z + 5*h = 6, o*z - 18 = -z - 3*h. What is the units digit of z?
4
Let r = -28 + 143. What is the tens digit of r?
1
Let x be ((-2)/(-5))/((-2)/(-20)). Suppose 1 - x = -m. Suppose -m*p + p + 10 = 0. What is the units digit of p?
5
Let v be -1 + -2 + (2 - -16). Suppose 2*i + 4*c = 3*i - v, 2*i = -5*c + 43. What is the units digit of i?
9
Suppose 4*h - 11 - 9 = 0. Let c = 11 - h. Suppose -i + 2 = -c. What is the units digit of i?
8
Suppose -5*b + 2*s = -130, 8*b - s = 3*b + 130. What is the tens digit of b?
2
Let k(s) = s. What is the units digit of k(6)?
6
Suppose 2*x - 3 = -19. Let c = 11 - x. What is the units digit of c?
9
Let m(k) = 3*k**2 + 20*k + 7. What is the units digit of m(-10)?
7
Let k be 8 + -3 + 1*-3. Suppose k*v + 0*v - 14 = 0. What is the units digit of v?
7
Suppose 3*c + 1 = 22. Suppose -5*m = 2 - c. What is the units digit of m + (-1)/3*-3?
2
Suppose 2*c - 10 = -o, -41 = -5*c - o - 10. What is the units digit of c?
7
Let q(k) = 78*k. Let s be q(1). Suppose 22 - s = -4*i. What is the tens digit of i?
1
Suppose -6*q - 16 = -2*q. What is the units digit of q/(-6)*(-3)/(-2)?
1
Suppose 0*i = 4*i - 164. What is the tens digit of i?
4
Suppose -2*l = b - l - 26, -3 = -l. What is the units digit of b?
3
Let h(a) = 96*a - 1. Let l be h(1). Suppose 3*y - l = -23. What is the units digit of y?
4
Let w = -19 + 31. Suppose 3*a + a = w. Suppose 3*n - 5*o - 69 = 0, -2*o - 23 = a*n - 4*n. What is the tens digit of n?
2
Let m = -118 + 155. What is the units digit of m?
7
Suppose 4*c - 27 = 3*c. What is the tens digit of c?
2
Let u = -137 - -221. What is the tens digit of u?
8
Let c = -11 + 38. What is the tens digit of c?
2
Suppose 0*o + 6 = -3*o. Let v(d) = -10*d - 1. What is the units digit of v(o)?
9
Let s = -28 + 19. What is the units digit of 6/s - 58/(-6)?
9
What is the tens digit of (-11 - (2 - 3))*(0 + -6)?
6
Let i be (-24)/(-15) - 4/(-10). Suppose 0*x + 9 = 3*f + 3*x, -i*x - 4 = 0. What is the units digit of 6/f*(-30)/(-9)?
4
Let f = 10 - 5. Suppose 4*r + 1 = -0*t + t, 4*r + 21 = f*t. Suppose 0 = -4*v - t*b + 2 + 3, 5*v + b - 22 = 0. What is the units digit of v?
5
Suppose -124*b + 119*b + 930 = 0. What is the hundreds digit of b?
1
Suppose q = -5*q + 114. What is the tens digit of q?
1
What is the tens digit of ((-688)/48)/(2/(-6))?
4
Suppose 5*k + 0*k = 55. Suppose -3 = 4*g + 9. Let a = k - g. What is the tens digit of a?
1
Let i = -1 + -3. Suppose -4 = 3*g - 124. What is the units digit of ((-2)/4)/(i/g)?
5
Let i(g) = 30*g**3 + 2*g**2 - g. What is the tens digit of i(1)?
3
Suppose -w = 4*w. Let i(o) = o**3 - 13. Let g be i(w). Let h = -6 - g. What is the units digit of h?
7
Let h(v) be the second derivative of -v**5/20 - v**4/6 - 2*v**2 - 2*v. Let y be h(-3). Let p = y - 3. What is the units digit of p?
2
Suppose 0 = -5*d - 2*t + 738, 6*d - 4*d = -3*t + 304. What is the units digit